120
In base 6, what is 101204 - -1455?
103103
In base 14, what is 4 + -2751b63?
-2751b5d
In base 5, what is -11033110422 + 4?
-11033110413
In base 11, what is 162 + -11a81?
-1191a
In base 15, what is -a534c + -37a?
-a56c7
In base 16, what is 212e + 1ce9?
3e17
In base 11, what is -24 + 121256?
121232
In base 5, what is 400100120132 + 0?
400100120132
In base 16, what is -1ba1ad + 3?
-1ba1aa
In base 2, what is 100 + 11000001001010110000101111?
11000001001010110000110011
In base 7, what is -4 + 250221544?
250221540
In base 6, what is -1155510 + 221?
-1155245
In base 14, what is -914a + 10da?
-8050
In base 16, what is -3 - 395cac?
-395caf
In base 8, what is -3434 + 1607757?
1604323
In base 3, what is 212 - 2102110220022?
-2102110212110
In base 5, what is -3303 - -10430300?
10421442
In base 10, what is -1309843 - 347?
-1310190
In base 11, what is -1069 - -63a1?
5333
In base 8, what is 243211373 - -41?
243211434
In base 10, what is 56188334 + -21?
56188313
In base 16, what is -294ec5f + -10?
-294ec6f
In base 13, what is 4076 + -67072?
-62cc9
In base 9, what is 2053 + 244438?
246502
In base 14, what is -852dc5 - 12?
-852dd7
In base 6, what is -33 + 212422205?
212422132
In base 9, what is -246284 + -713?
-247107
In base 13, what is -4034b0 - -4?
-4034a9
In base 13, what is -4983368 - -5?
-4983363
In base 16, what is -9205 - 956?
-9b5b
In base 16, what is -4 - -170d04?
170d00
In base 11, what is 56 - 95?
-3a
In base 12, what is -1a0258385 - 5?
-1a025838a
In base 6, what is -12434335 + 520?
-12433415
In base 15, what is -3 + -cc7ce?
-cc7d2
In base 7, what is 46 + -1241221?
-1241142
In base 5, what is 440312210 + -23?
440312132
In base 7, what is -12222 - -146100?
133545
In base 11, what is -123 - 80a11?
-81034
In base 2, what is 1101 + 1001100111000000?
1001100111001101
In base 7, what is -1542 + -1235?
-3110
In base 3, what is 1220220010 + 12120?
1221002200
In base 16, what is -344ff9 - 99?
-345092
In base 11, what is 1 + -28a584a0?
-28a5849a
In base 9, what is 4 + -4306485?
-4306481
In base 5, what is 440313 + 2244321?
3240134
In base 7, what is 3 + 1051465303?
1051465306
In base 16, what is 1fb + -99c1?
-97c6
In base 10, what is 1719023 + -48?
1718975
In base 13, what is 3 - -1b02792?
1b02795
In base 5, what is -121401 + -311102?
-433003
In base 5, what is -2 - -210431130440?
210431130433
In base 5, what is -2402440040 - -2?
-2402440033
In base 3, what is -212110220 - -10100?
-212100120
In base 8, what is -2 - 10564322?
-10564324
In base 8, what is -1 + -1217314700?
-1217314701
In base 6, what is 1423 + -151550110?
-151544243
In base 12, what is 125 - 5118?
-4bb3
In base 2, what is -100 - -10011110001000101000?
10011110001000100100
In base 13, what is -10069 + -267c?
-12718
In base 4, what is 10301032313300 + 1?
10301032313301
In base 4, what is -12210313022213 + 2?
-12210313022211
In base 2, what is 11111101101000100111 + 101?
11111101101000101100
In base 6, what is 1 + -110215501?
-110215500
In base 2, what is 1001010 + -10100011111111011?
-10100011110110001
In base 5, what is -1322 - 240243?
-242120
In base 9, what is -225608721 + -5?
-225608726
In base 15, what is -1b2b + -949?
-2575
In base 15, what is -1ce6 - 8ee?
-26e5
In base 6, what is 101511 - 14144?
43323
In base 10, what is 227 + 506165?
506392
In base 4, what is 1021 - -10200220?
10201301
In base 6, what is -5 + 3405053541?
3405053532
In base 12, what is -bb026 - -9?
-bb019
In base 11, what is -2712089 - 1?
-271208a
In base 13, what is 18b4838 - -87?
18b48c2
In base 11, what is -94898a + 54?
-948936
In base 6, what is 3242412 + 1202?
3244014
In base 7, what is 131661432 + -1?
131661431
In base 3, what is -1112111110 + 10102111?
-1102001222
In base 10, what is 1587 - -85737?
87324
In base 5, what is -422422421 + 20?
-422422401
In base 14, what is 115 - -c2d79?
c3090
In base 14, what is 3c17b6 - -19?
3c17d1
In base 13, what is 16312 - -2b38?
1914a
In base 10, what is 4714 + 10081?
14795
In base 16, what is 4742d5 + 1?
4742d6
In base 5, what is 24334 - -123320?
203204
In base 7, what is -16110141 - 6?
-16110150
In base 7, what is -21503606 - -4?
-21503602
In base 8, what is 14430434 - 4?
14430430
In base 14, what is -11d7423d3 - -1?
-11d7423d2
In base 5, what is -133043443424 - 20?
-133043443444
In base 12, what is -15a82853 + 11?
-15a82842
In base 3, what is 11101211021112 + 20201?
11101211112020
In base 12, what is 2708820 + 5?
2708825
In base 6, what is -34423122 + 20?
-34423102
In base 6, what is -103 - 5221?
-5324
In base 10, what is 1254 - -212590?
213844
In base 3, what is -110 - 2101011220?
-2101012100
In base 8, what is 360 - 425550?
-425170
In base 2, what is -11 + 1100011110110000111101011?
1100011110110000111101000
In base 13, what is 2 + 4650585?
4650587
In base 15, what is -cc - -1a7b1?
1a6d4
In base 3, what is -12 + -12202012200112?
-12202012200201
In base 9, what is -5 - -21415616?
21415611
In base 16, what is -436169 + 3b?
-43612e
In base 4, what is -230323 + -111320000?
-112210323
In base 6, what is 12352 + 331155?
343551
In base 2, what is -101101000111000101101000 + 1001?
-101101000111000101011111
In base 11, what is 1616a769 - -2?
1616a770
In base 12, what is 3 - -384b2b?
384b32
In base 7, what is -13 - 14101445?
-14101461
In base 3, what is -112 - 212011002?
-212011121
In base 10, what is 762387 - -37?
762424
In base 14, what is -93d179 + 3?
-93d176
In base 5, what is 2 - -144223333?
144223340
In base 7, what is -313 + 504353?
504040
In base 14, what is 6b3da658 - 0?
6b3da658
In base 12, what is 64a54 - -26?
64a7a
In base 13, what is 1 - 25006143?
-25006142
In base 10, what is -5792 - -19939?
14147
In base 13, what is -2 + 2626c?
2626a
In base 14, what is -28b9d7 - -8?
-28b9cd
In base 5, what is -21010414 - 3131?
-21014100
In base 3, what is 1020220 - 2102001121?
-2100210201
In base 13, what is -a2246 + -58?
-a22a1
In base 15, what is -153 - 67974?
-67ac7
In base 15, what is d2 + -24233?
-24151
In base 14, what is 737b353 - -3?
737b356
In base 12, what is -329 + -1540b?
-15738
In base 2, what is 10101010100000000110 + -11?
10101010100000000011
In base 8, what is 20247523 - -4?
20247527
In base 5, what is 4404020 + 2302?
4411322
In base 6, what is 3244433512 + -4?
3244433504
In base 10, what is -553602 + -23?
-553625
In base 13, what is 7c + -62646?
-62597
In base 16, what is -99 + 5e48d?
5e3f4
In base 3, what is -10010100010000 + 201?
-10010100002022
In base 14, what is 51c46 + -5?
51c41
In base 5, what is -140421 + 202304?
11333
In base 8, what is 1073034 - 1476?
1071336
In base 9, what is -625 - 30788?
-31524
In base 11, what is 253526525 - 3?
253526522
In base 2, what is -101110 + 101011110111101001?
101011110110111011
In base 15, what is 18b63d3 + -2?
18b63d1
In base 7, what is -16 + -131205402?
-131205421
In base 9, what is -672325 - 2?
-672327
In base 15, what is 2d94b2 + -1d?
2d9494
In base 15, what is -ab78 - 1?
-ab79
In base 2, what is -101110111011 + -10011111?
-110001011010
In base 9, what is 311358 - 23?
311335
In base 5, what is 210321133202 - 3?
210321133144
In base 9, what is 128553 + 843?
130506
In base 8, what is -5607301422 - 1?
-5607301423
In base 10, what is 5 + -101651717?
-101651712
In base 6, what is -114 - 4412314?
-4412432
In base 3, what is -122 - 1000222100?
-1000222222
In base 3, what is 11211200 - -10012212?
22001112
In base 2, what is -11000 + 11111100111001000100111?
11111100111001000001111
In base 13, what is -2a37 - b82?
-38b9
In base 15, what is 639 + -1ada5?
-1a76b
In base 16, what is 134 - 203b?
-1f07
In base 3, what is 1211 - -2212221121?
2220000102
In base 11, what is a62a - -608?
10137
In base 3, what is 110010 + -10112201202?
-10112021122
In base 8, what is -304606 - -5?
-304601
In base 5, what is 13440041 - -24041?
14014132
In base 4, what is -110231323112133 + -11?
-110231323112210
In base 16, what is 8f7 + 1313?
1c0a
In base 15, what is -29c3834 + 21?
-29c3813
In base 5, what is 2233 + -3103413?
-3101130
In base 14, what is 357992 + -19?
357977
In base 14, what is 2d + 6494?
64c3
In base 16, what is c8 - 1b83c3?
-1b82fb
In base 14, what is -11446dcc + 0?
-11446dcc
In base 2, what is 10 - -1011001100111101110010110?
1011001100111101110011000
In base 6, what is -12 - -210035?
210023
In base 7, what is -153415 + -1241?
-15465